13
Evaluate -3 - (3 - ((3 - 2) + 3)).
-2
-17 - -21 - (-33 + 10)
27
Evaluate -4 - ((2 - 1) + (14 - 21)).
2
What is -3 + (9 - (-5 + 7 - (1 + 5)))?
10
What is the value of (41 + -73 - -37 - (41 + 1)) + 8?
-29
Evaluate 10 + -1 + 0 + 2 + -5.
6
6 - (1 + -16 + 29)
-8
Calculate 33 - (20 - (5 - 6)).
12
What is -31 - (-10 + 24 + -35)?
-10
Calculate 8 - 2 - (-10 + (20 - 7)).
3
What is the value of -573 + 561 - (-1 + -7)?
-4
Calculate -25 + -1 - (-18 + 11 + 1 - 3).
-17
Calculate (-2 - -8) + (13 - (15 - -8)) + -1.
-5
-2 + -6 + 2 + (3 - 0) + -6
-9
Evaluate -2 + (-5 - (-2 - -7) - -5).
-7
(20 - 4) + -43 + 22 + (1 - -13)
9
What is the value of 1 - 18 - (59 + -73)?
-3
Calculate -7 - (21 + -10) - 0.
-18
Calculate -2 + -3 - (-1 - (10 - (2 - -8))).
-4
-5 + 22 + -33 - -24
8
What is the value of -41 + -44 + 111 + 11?
37
Evaluate 172 + -172 + (0 - 2) + -3.
-5
What is -4 + (9 - 1 - (-22 + 32 + -10))?
4
Evaluate 1 + -6 + -3 + (3 - (3 + -3)).
-5
7 - 5 - ((2 - -1) + -7 + -1)
7
Evaluate -29 - (-8 + -34) - (4 - 11).
20
(-17 - -7 - (3 - 2)) + 0
-11
What is the value of 18 - 9 - (14 + 3 + -8)?
0
1 - -3 - (-67 + 50)
21
-38 + -3 + 1 + (-1 + 30 - 16)
-27
What is 1 + 0 + 48 + -29 + (-12 - 4)?
4
What is 9 + -16 - 3 - -10?
0
Evaluate -28 - (-15 + -18 + 14).
-9
Calculate (7 - (20 + 4)) + (1 + 5 - 1).
-12
8 + 9 + -11 + -38 - -12
-20
Calculate -15 + 3 + -6 - (-5 + -10 + 8).
-11
(30 - -2) + -23 + -44
-35
-4 + 2 - (86 - 100)
12
What is the value of 131 + -128 + (0 - (1 - (-8 - -2)))?
-4
Evaluate 4 + -16 - (2 - (-13 - -15)).
-12
What is the value of 218 - 205 - (1 + -2 + 47)?
-33
What is -2 + 1 + 12 + (-10215 - -10194)?
-10
(0 - -6) + -44 + 7 + 18
-13
What is (163 - 153) + (2 - 5 - -7)?
14
What is the value of (-1 - (2 + -4 + -5)) + -24 + 30?
12
What is 12 + 1 + -16 + -10?
-13
Evaluate -6 + (2 - -14) - -2 - 6.
6
What is (1 + 7 - (14 + -2)) + -4 - 0?
-8
What is (1 - 17) + (20 - 42) + 71?
33
Calculate 12 + 5 + (0 - 12) - 2.
3
What is (29 + -26 - -17) + -7?
13
Calculate -10 + 0 + -12 + (49 - 25).
2
(-21 - -2 - 0) + (-32 - (37 - 66))
-22
What is 84 + -85 + (1 - 15)?
-15
What is the value of -9 - (4 - ((-14 + 5 - -2) + 9))?
-11
5 + 1 - (-2 + -9 + 7 + 2)
8
Calculate (-3 - -17) + -19 + 37 + -23.
9
What is -11 + (52 - 27) - (-1 - -46)?
-31
What is 4 + (5 - 2) + (-44 - -25)?
-12
(18 - 10) + 1 + 5 + -9
5
Evaluate 0 - 20 - (-29 + -32 + 63).
-22
Calculate 6 - 19 - (-52 - -42).
-3
What is the value of (4 + 2 + -11 - -7) + 28?
30
16 + -14 + 30 + -22
10
Calculate -4 - (22 - (4 + 11)).
-11
Calculate (48 - 63) + -26 + (1 - (-2 + 0)).
-38
Evaluate 12 + -20 - (-6 + 8 + 3).
-13
3 - (18 + -13 - (-2 - -6)) - 6
-4
Calculate -16 - (12 - 26) - -14.
12
(-17 - -28) + -15 + -4
-8
What is the value of (-11 + (-9 - -10) - -2) + 6?
-2
Calculate -19 + -9 + 5 + 6 + -1 + 2.
-16
Calculate (-5 - -3 - -1) + 2 - -10.
11
Calculate 1 + 4 - (740 + -740).
5
Calculate -2 + 11 + -7 + (1 - -17) - 6.
14
What is the value of 447 - 444 - (-4 + (-1 - 1 - -3))?
6
Calculate 6 - (-1 - (-26 + 5)).
-14
What is the value of 6 - -10 - 5 - (-1 + 1)?
11
Calculate -18 + (11 - 11 - (6 + -13 - 0)).
-11
-31 - (-17 - -2 - (-46 - -29))
-33
What is the value of 6 + -14 - -7 - -10?
9
Calculate (19 - 22) + 2 + (1 - -1) + -3.
-2
What is -11 + 5 + -6 + (-13 - (-21 + 11))?
-15
What is the value of 0 + (2 - -1) - (5 + -4 + -5)?
7
What is the value of (1 - 19) + 34 + 5 + -2?
19
Evaluate (1 + 1 - 19) + -1013 + 1047.
17
7 + -1 + -7 + 5 + 7
11
Calculate -7 + 0 + -8 - -23.
8
(7 - 7) + -20 - (10 + 1 + 1)
-32
What is (-3 - (0 + -4)) + (-12 - -31)?
20
Calculate -15 + 10 + (-8 - -2 - (4 + 4)).
-19
What is the value of (-29 - (5 - 21)) + -12?
-25
What is 4 + (-14 - -4 - -13 - 30)?
-23
Evaluate (-12 - -4) + (-2 - -22).
12
Calculate -2 + (13 - (5 + 14 + -15)).
7
Calculate -38 + (-8 - -24) + -17.
-39
What is (2 - 18) + -20 + 18?
-18
Calculate 13 + -30 + 27 + 12.
22
What is the value of -14 + (17 - 15) - -16?
4
Evaluate 19 + (12 - (11 + -2)) + -2.
20
What is 3 + -23 - -12 - (1 - 6)?
-3
Calculate -17 + (11 - -3) + 2 - (-28 + -5).
32
Calculate (8 - 7 - -5) + 12 + (1 - 7).
12
What is the value of (6 - -2 - (-27 + 29) - 3) + -18?
-15
Evaluate -14 + -1 + -43 + 48.
-10
(0 - (-9 + 1)) + (-11 - (-5 + -1))
3
What is 1 + 1 + -32 - (-25 - (4 - 24))?
-25
What is -2 + 9 + (-136 - -135) - (29 - -2)?
-25
Evaluate 11 + (21 - 9 - 10).
13
Calculate (11 - (9 - -8 - 1)) + -16.
-21
Calculate 3 + 1 - ((79 - 92) + (3 - -1)).
13
Evaluate (-1 - -25 - (-9 + 16)) + -10.
7
What is the value of (12 - 16) + 28 - 22?
2
Calculate (-3 - -11) + -24 - (-17 + 1).
0
26 + (9 - 12) + -1
22
Evaluate -8 + 5 + 3 + -7 + (26 - 6).
13
Calculate (-7 - (-2 - -7)) + 9 - -19.
16
8 - (18 + -18) - 22
-14
Calculate -78 + 72 + (1 - -19).
14
Evaluate -9 + 9 + (-62 - -64).
2
What is 15 + -15 + (11 - 1)?
10
What is the value of -4 + 0 + 3 - -4 - (-42 + 23)?
22
37 - 2 - (3 + (20 - 9))
21
Evaluate -5 + (7 + -6 + -10 - (-27 + 7)).
6
Evaluate (4 - (10 + -7 - (1 - -4))) + -6.
0
-5 + 9 + -7 + (-82 - -77)
-8
What is the value of 17 - 15 - (0 + -3 - (-12 + 12))?
5
What is the value of (4 + -8 - -11) + -14 + 1 - 6?
-12
What is 4 + (-50 + -1 - -31)?
-16
17 - 1 - ((63 - 62) + 34)
-19
Evaluate 4 + 12 + (-64 + 1 - -25).
-22
Calculate 7 + -4 + (21 + -3 - -4).
25
-9 - (-20 + 3) - 12 - (-7 + -1)
4
Evaluate 68 - 38 - (-12 - -59).
-17
Evaluate (-22 - -12 - -10) + -2 + (1 - 1).
-2
What is the value of 17 + (20 - 11 - 5) + -11?
10
What is -15 + (-12 - (-1 + -3)) + 11?
-12
What is the value of -6 + (-11 - -34) + -7?
10
Calculate -12 + 0 - (-253 - -248).
-7
Evaluate -115 + 34 + 44 - -24.
-13
What is the value of -4 + 0 + 1 + -25?
-28
Evaluate (-19 - -38) + -12 + (0 - -1) + -20.
-12
Evaluate (14 - 4) + 7 + (-3 - -3) + -7.
10
(-65 - 6 - -59) + (1 - (-2 + 1))
-10
Calculate 17 + -11 - (-4 - -19 - -2).
-11
Evaluate (-1 + 4 - (14 + -17)) + (135 - 136).
5
Evaluate 43 - (33 + -27 + 36).
1
What is the value of -1 + -25 - (41 + -78)?
11
-8 + 8 - (-7 - -12)
-5
Evaluate (11 - -2 - 22) + 5 - (-2 - 17).
15
13 + -15 + -20 + 13
-9
(-11 - (21 - 26)) + -9
-15
95 + -86 - (0 + (0 - -4))
5
(36 - 50) + 10 + 12 + -1
7
What is the value of 1 + (-2 - (-3 - 0)) - (336 - 335)?
1
Evaluate (3 - 11) + 5 + -2 + 5 + -21.
-21
Evaluate -16 + (-7 - -37) - 24.
-10
What is 1 + -8 + (184 - 189)?
-12
(4 - (5 - 4)) + 5
8
(3 - (0 + -10)) + -4 - 4
5
What is the value of 22 + -12 + -19 + 29?
20
What is the value of 3 + (2 - (4 - 1)) - (52 + -62)?
12
7 - 3 - (128 - 149)
25
What is the value of (-1 - -2) + (31 - 54) + 9 + -2?
-15
Calculate (-6 - -4) + -2 - (-22 - -8).
10
Evaluate (-25 - (-20 - -6)) + -6.
-17
Evaluate 2 + 23 - (77 + -63).
11
5 - (1 + 1) - (-910 - -911)
2
What is (31 - 63) + (-1 - -6) + 2?
-25
Evaluate 257 + -257 + (0 - 0) + -26.
-26
Calculate 13 + -22 + (4 - (-18 + 10)).
3
5 - (-26 + 34 - (2 + 3))
2
Evaluate -14 + -7 + -6 + 36.
9
Evaluate -14 - (-25 + 31 - (1 + -3)).
-22
Evaluate (-1 - -1) + -16 + 22 + -15.
-9
What is the value of 1 - 12 - (-1 + -5 - (10 - 12))?
-7
What is the value of 5 - (6 - (-9 + 0 + 32))?
22
What is 41 - 16 - (24 - 4)?
5
What is the value of -9 + 32 + -28 - -8?
3
What is -37 + 1 + 22 + 15?
1
Evaluate 33 + (-42 - -88) + -47.
32
What is the value of 2 - 1 - (0 - -4)?
-3
Calculate 8 - (-9 + 8 + 0 + (-3 - -2)).
10
Calculate 7 - (1 + -3 + (12 - 3)).
0
What is the value of -3 - 0 - 5 - (-11 - -15)?
-12
Calculate 24 - ((1 - -11 - 8) + 1).
19
Evaluate 1 + -28 - (149 - 159).
-17
What is 17 - (-10 - 15 - -66)?
-24
Evaluate 11 + (-3 - -3) - (-12 - -3 - 4).
24
Calculate 0 + -9 + -9 + 9.
-9
What is the value of (14 - (-28 + 32)) + (1 - 6) + -2?
3
8 + (-18 - -2) + 10
2
(-28 - -38) + -2 + 2 + 2 + -4
8
Calculate 4 + (4 - (-2 - -8)) - 1.
1
What is (9 - (-5 + 6)) + 4 + -3 + -13?
-4
What is -2 - 9 - -22 - 26?
-15
What is 0 + 2 + -6 - (-2 + -4)?
2
What is -9 - (-17 + 47 + -51 + (1 - 5))?
16
Evaluate -4 + (-5 - -8 - (5 - 0)) + -9.
-15
What is the value of -8 + 29 + 7 + -21?
7
What is (8 - (9 - -5 - 2)) + -1 + 18?
13
Calculate 4 + 1 + 20 + -27 + 0 + -27.
-29
What is 2 + 6 + (-4 - 2) + -3 + -2?
-3
Evaluate 1 - (-16 + 13 - 7).
11
What is the value of 11 - -3 - 19 - -3?
-2
Evaluate -5 - (-6 + 4 + -15 + 13).
-1
What is 0 + 15 + (-3 - -11) + (6 - 18)?
11
Evaluate -7 - (-7 - 1) - 2 - -7.
6
(-1 + 2 - (-20 + 17)) + 3
7
(3 - -1) + (-534 - -537)
7
Evaluate (-13 - (5 + -7) - -2) +